mmon factor of d and s?
4
Let l be 15080/26*3/4. What is the greatest common factor of l and 15?
15
Let t be (-10)/15 - 38/(-3). Let a = -15 + t. Let w(b) = -21*b - 3. Let s be w(a). Calculate the highest common factor of s and 24.
12
Let f be 4000/28 + (-3)/(-147)*7. Let u(b) = -b**2 + 6*b + 3. Let v be u(4). What is the highest common factor of v and f?
11
Suppose 24*m = 20*m + 20. Suppose m*z - 4 = 6*z. Let q be (-1454)/z - (-5)/(-10). What is the greatest common factor of q and 33?
33
Suppose m + 3*r = 384, 5*r = 4*m + r - 1488. What is the greatest common divisor of m and 175?
25
Let v be -4 + (-1)/(2/(-6)). Let i be (-10 - -16)*(-2)/v. What is the highest common divisor of 18 and i?
6
Suppose 611 = 5*n - 264. Suppose -6*z + 89 = -n. Calculate the greatest common factor of z and 22.
22
Let h(v) = -3*v + 112. Let w be h(20). What is the greatest common divisor of w and 39?
13
Suppose -5*c + 4 + 11 = 0. Suppose 18*d = 30*d - 36. Suppose -2*r + 3*w - 10 = 1, -d*r - c*w = -21. What is the highest common factor of r and 16?
2
Suppose -3 = -t - 2. Let p be (180/(-25))/(t/(-5)). Suppose -2*a = -4*a + 504. What is the highest common divisor of p and a?
36
Let v be (2/(4/11))/((-4)/(-24)). What is the greatest common divisor of 308 and v?
11
Suppose 14*d - 9*d = 2700. What is the highest common divisor of d and 60?
60
Let a = 83 - 2. Suppose -2*i + 0*t = 3*t + 5, 2*i + t - 1 = 0. Suppose i*k = 7*k - 135. Calculate the highest common factor of k and a.
27
Suppose 10*o + 4718 = 5028. What is the greatest common factor of o and 248?
31
Let d(r) = r**3 + 13*r**2 + 9*r + 1. Let b be d(-12). Calculate the highest common factor of b and 703.
37
Let n(i) = i**3 + 19*i**2 + 17*i - 17. Let u be n(-18). Let l be 110/u + -1 + 3. What is the greatest common factor of l and 7?
7
Let x be 8/(-20) - (1206/(-15) + 4). What is the greatest common divisor of 266 and x?
38
Suppose 4*l - 3*l = -3*m + 3, -4*m - 15 = -5*l. Suppose 28 = -l*k - 5. Let w(i) = -2*i + 5. Let p be w(k). What is the highest common factor of p and 18?
9
Suppose -943 = 6*v - 4975. Calculate the highest common factor of v and 72.
24
Suppose 2*j - 3 - 7 = 0. Suppose -5*h + 25 = j. Let n be (h + (-2 - 1))*15. Calculate the highest common divisor of n and 120.
15
Suppose -5*t + 0*t + 3180 = 0. What is the highest common divisor of 12 and t?
12
Let x(p) = 63*p - 146. Let g be x(18). Calculate the highest common factor of 52 and g.
52
Suppose -72 = -2*o + 3*i, -22 - 96 = -3*o + 2*i. Calculate the highest common factor of 98 and o.
14
Suppose -n = -0*n + p - 11, -3*n = -3*p - 15. What is the greatest common divisor of n and 16?
8
Let w(j) = 6*j + 3. Let v be w(3). Let o = 20 - v. Let d be o/((3/34)/(-3)). What is the highest common divisor of d and 51?
17
Suppose 1881 = 5*w - h - h, 5*h + 1875 = 5*w. What is the highest common factor of w and 29?
29
Let o = -9 + 23. Let g = -248 - -290. Calculate the highest common divisor of g and o.
14
Let o = 98 - 30. Let m = 16 + o. What is the highest common factor of 24 and m?
12
Suppose -23 - 397 = 6*j. Let x = 138 + j. Calculate the greatest common divisor of 4 and x.
4
Let a be (1 - -1 - -2) + -34. Let s be a/(-3)*10/1. What is the highest common factor of 10 and s?
10
Suppose -21*u - 16 = -29*u. Suppose u*b + 4 = 0, b = -4*a - 2*b + 470. What is the greatest common divisor of 17 and a?
17
Let z(b) = -4*b**2 + 81*b + 32. Let d be z(16). What is the highest common factor of d and 24?
8
Let i(d) = -d**3 - 7*d**2 + 29*d + 20. Let b be i(-10). Calculate the greatest common factor of b and 45.
15
Let b be (136/(-85))/(4/(-280)). What is the greatest common divisor of b and 16?
16
Suppose 3*o - o + 2*d - 8 = 0, 4*o - 40 = 4*d. Suppose o*c - 65 = 2*c. Let k = -81 + 198. Calculate the highest common factor of c and k.
13
Suppose m = -8*m + 360. Suppose 5*o = -20, 5*o = 3*t - 4*t - 12. What is the highest common divisor of m and t?
8
Let w(b) = -b**2 - 8*b + 141. Let f be w(-11). Calculate the highest common divisor of 24 and f.
12
Let z = 432 + -425. What is the greatest common factor of 28 and z?
7
Let m be 1/((-2)/(-7) - (-35)/(-294)). Calculate the highest common factor of 45 and m.
3
Suppose 5*k + 155 - 30 = 5*v, -3*k + 99 = 3*v. Calculate the greatest common divisor of v and 435.
29
Suppose -13*r - 19 + 214 = 0. What is the greatest common factor of 15 and r?
15
Let h be (-2 - 39/(-18)) + (-895)/(-30). What is the highest common factor of h and 80?
10
Suppose 13*d - 8*d - 210 = 0. Let z = d - 29. Calculate the highest common factor of z and 91.
13
Let x(y) = 67*y + 1. Let a be x(-4). Let s = -172 - a. What is the highest common factor of s and 19?
19
Let q = -6 + 14. Suppose 22 = 3*p + 19. Calculate the highest common divisor of q and p.
1
Let y be 1*(-92)/(-8)*-10. Let d be 3/2 - y/10. What is the greatest common divisor of 104 and d?
13
Suppose 4*b + 8 = 0, 6 - 41 = 3*y + b. Let r be (-46)/y + (-22)/121. Let s = 12 - r. Calculate the highest common factor of s and 40.
8
Let c(z) = z - 3. Let w = -18 - -24. Let m be c(w). Suppose i = 5*h + 5*i - 102, -m*h + 58 = 4*i. Calculate the greatest common divisor of 44 and h.
22
Suppose s = 51 - 15. Suppose -3*o = -2*z - 33, 3*z + 21 = 2*o - 6. What is the greatest common factor of o and s?
9
Let u(a) = -4*a + 7*a**2 - a - 9*a**2 - a**3 - a**2 - 2. Let n be u(-4). Calculate the highest common divisor of 85 and n.
17
Let k(t) = 265*t - 1490. Let p be k(6). Calculate the greatest common divisor of p and 4.
4
Let s be ((-8)/(200/15))/(1/(-5)). Let i = 59 - s. Calculate the highest common divisor of i and 8.
8
Suppose 4*a + 4*k = -92 - 100, 4*a + 201 = 5*k. Let m = 7 - a. Let t = 34 + m. Calculate the greatest common factor of t and 10.
10
Let o = -117 + 797. What is the greatest common factor of o and 5?
5
Let k be (-2952)/(-21) + 3/7. Let a = k + 55. Calculate the greatest common factor of 28 and a.
28
Let r = 13 + -6. Let o be (-32)/(-10)*(-175)/(-10). Calculate the greatest common divisor of o and r.
7
Suppose n = 2*k, -3*k + 5 = 2*k. Suppose -3*y - n*y + 138 = 4*t, y + 2*t - 24 = 0. Let b = -985 + 995. What is the highest common factor of b and y?
10
Let n be (-1090)/(-6) - 40/24. Calculate the greatest common factor of n and 60.
60
Let h be (2/12)/((-6)/(-36)). Let l be 2/(-8) + h/4. Suppose 4*k + v = 21, 3*v + 2*v - 5 = l. What is the highest common factor of 10 and k?
5
Let a be (2 - (-5 + -437))*1/2. What is the greatest common divisor of a and 74?
74
Let p = -1 - -16. Let m be p/10 + (-2)/(-4). Calculate the highest common divisor of 10 and m.
2
Let z = 235 + -127. Let y = -275 + 302. What is the highest common factor of y and z?
27
Let y = 147 + -83. What is the greatest common divisor of y and 4?
4
Suppose 2*q + r - 145 = 21, 92 = q - 4*r. Calculate the greatest common factor of q and 63.
21
Let l(n) = 13*n + 290. Let t be l(-18). What is the highest common factor of t and 364?
28
Let i = 1642 - 1624. Suppose 5*w - 16 = 4*b, w = -2*b + b + 5. Let r be w/10 - (-86)/10. What is the highest common divisor of i and r?
9
Suppose 2*b + 2*b = 2*b. Let y be (b + -2)*(-3 + 5 - 6). Calculate the greatest common factor of 16 and y.
8
Let c(h) be the second derivative of -6*h + 5/6*h**3 - 1/20*h**5 + 0 - 5/2*h**2 - 1/4*h**4. Let p be c(-5). What is the greatest common factor of p and 60?
20
Let p = -13 - 10. Let t = 29 + p. Let d be (-6)/(-4)*40/t. What is the greatest common divisor of d and 4?
2
Let i = 12 - 10. Let v(q) = -2 + 2*q - 4*q**2 + q**3 + 11*q**2 - 10*q**i. Let m be v(3). Calculate the greatest common factor of m and 8.
4
Suppose 0 = 5*j + 5*c - 45, 0*j = -3*j + 4*c + 27. Let p be (42/j)/(2/54). What is the greatest common divisor of 14 and p?
14
Let a be 2/10 - 11/55. Let x be (a - 2/(-1)) + 1. Suppose -x*b + 0*b = -36. Calculate the greatest common divisor of 72 and b.
12
Let v be (18/4)/(2/4). Suppose -d = -5*y + 221, -201*y - 94 = -203*y - d. What is the highest common factor of y and v?
9
Suppose 0 = -3*h - 2*h + 140. Let g = 2843 - 2829. What is the greatest common divisor of h and g?
14
Let w = 211 + -188. Calculate the greatest common factor of 253 and w.
23
Suppose 2*u - 1082 = -4*y, -3*u - 4*y + 217 = -1404. What is the greatest common factor of u and 98?
49
Let i be (3/(-9))/(1/(-3)). Suppose -3*